. What are the prime factors of s?
3, 61
Suppose 0*g - 5*z = -g + 961, g - z = 949. Suppose -5*b = -1469 - g. List the prime factors of b.
3, 7, 23
Let r be (2 - 0)/(500/(-124) + 4). Let b = r - -61. What are the prime factors of 376/4 + (4/(-2) - b)?
3, 31
Let j(x) = x**3 + 5*x**2 + x - 10. Let n be j(-3). Suppose 4*v = 4*b - 1164 - 1036, 0 = -5*v + n. What are the prime factors of b?
19, 29
Let s = -34 - -129. Let k = -3386 + 3350. Let j = s + k. List the prime factors of j.
59
Let r be -7 + 5 + (-3104)/((-2)/1). Suppose 5*a = 5*s - r, -4*a = -3*s + a + 924. List the prime factors of s.
313
Suppose 66*g - 12 = 62*g. Suppose 2*l = -10, -3*q - l + 1189 = g*l. List the prime factors of q.
13, 31
Let q(b) = -34*b + 12. Let x be q(-8). Suppose -9 = 3*s, 38*s - 1148 = -4*n + 42*s. Suppose -z + 3*l + n = 6*l, z - l = x. What are the prime factors of z?
2, 71
Let p be -4 + -15*3/(-9). Let g be -1 + p/(5/130). Suppose -22*w + g*w - 147 = 0. What are the prime factors of w?
7
Let x(f) = -27*f + f**2 + 30*f - 2 + 0*f**3 - f**3. Let t be x(-2). Suppose -10 = -4*o - y + 110, -2*o = t*y - 46. What are the prime factors of o?
31
Suppose -4*p - m + 996 = 0, 4*m - 1238 = -5*p + m. Suppose -95*z = -66*z + 3045. Let u = z + p. What are the prime factors of u?
5, 29
Let c = -7184 - -31307. List the prime factors of c.
3, 11, 17, 43
Suppose -5*z + 413 = -3*b + b, 0 = -5*b + z - 1067. Let g = 119 - b. What are the prime factors of g?
3, 37
What are the prime factors of 13318 - (429/(-55) - (-4)/5)?
5, 13, 41
Let l(d) = -3*d - 101 - 102 + 86*d**2 + 200. What are the prime factors of l(-1)?
2, 43
Let w = 354 + -625. Let m = -48 - w. What are the prime factors of m?
223
Let i = 2517 + 107. What are the prime factors of i?
2, 41
Let h(k) = k**3 - 3*k**2 - 18*k + 41. Let q be h(5). Let r(m) = 414*m + 9. List the prime factors of r(q).
3, 47
Suppose 0 = 57*a - 58*a + 10. Let x(m) = m**3 - 4*m**2 - 15*m. Let f be x(a). Suppose -f = 7*l - 22*l. List the prime factors of l.
2, 3, 5
Let u(a) = -a**2 - 16*a + 34. Let d be u(-15). Let i = -39 + d. Suppose -i*v + 530 = -170. List the prime factors of v.
2, 5, 7
Suppose -56*v + 161254 + 642 = 0. List the prime factors of v.
7, 59
Let d be (143 + -141)*(1 + 1 - 8). Let m(r) = -r**2 - 21 + r**2 + 10*r + r**2. What are the prime factors of m(d)?
3
Suppose 224 + 137 = 19*g. Suppose g*k - 26*k = -6048. What are the prime factors of k?
2, 3
Suppose -46316 = -8*s + 170860. What are the prime factors of s?
3, 9049
Suppose -23 = -4*u + 1. Let v be (-13)/(-2) + u/(-48)*4. List the prime factors of 115 - 1 - (3 - v).
3, 13
Let y(t) = t**2. Let j(p) = -4*p**2 + 7*p + 132. Suppose 0 = -8*u + 6 + 2. Let h(n) = u*j(n) + 3*y(n). List the prime factors of h(0).
2, 3, 11
Suppose -54*z - 4114007 = -197*z + 936896. List the prime factors of z.
11, 13, 19
Let q(i) = -i**2 - 7*i - 22. Let n be q(-4). Let p be (-4)/n - ((-3876)/20)/3. Suppose -253 = -3*j + p. What are the prime factors of j?
2, 53
Let x(d) = -3*d**2 + 20*d + 5. Let q(h) = -2*h**2 + 19*h + 5. Let y(r) = 4*q(r) - 6*x(r). Let p be -2*(3 + 39/(-6)). What are the prime factors of y(p)?
2, 43
Let h(a) = 6*a**2 - 7*a - 6. Let c be h(-4). Suppose 176 = 6*p - c. List the prime factors of (-2)/4*-6 + p.
2, 13
Suppose 75100 = 158*c - 881590. What are the prime factors of c?
5, 7, 173
Let z = -18 + 22. Suppose 0*m - z*m = -1080. List the prime factors of m/2 + 3/9*3.
2, 17
Let i = 192 + -187. What are the prime factors of 308 - ((-1)/1)/(i/(-15))?
5, 61
Let v be (1113 + 0)/(-3) + (0 - 6). Let n = -489 - -272. Let m = n - v. What are the prime factors of m?
2, 5
Let l be (3/(-2))/((-9)/24). Let s be 2 - (4 - l)/5. Suppose -3 = -o + s*w, 3*o + o = 2*w + 30. List the prime factors of o.
3
Let p = -862 - -584. Let i = p - -640. List the prime factors of i.
2, 181
Suppose 0 = -189*t - 201*t + 380*t + 275880. What are the prime factors of t?
2, 3, 11, 19
Let p = -2654 - -7903. What are the prime factors of p?
29, 181
List the prime factors of (1248/72)/((-4)/48*2)*-14.
2, 7, 13
Suppose -76*n + 73*n + 3445 = -2*m, m - 4 = 0. List the prime factors of n.
1151
Suppose -61*f + 21*f = -306320. List the prime factors of f.
2, 7, 547
Suppose -5*l + 12 = -q + 15, 2*l = q. List the prime factors of -24 + 1050 - 2/q.
13, 79
Let x = 49299 + -34805. What are the prime factors of x?
2, 7247
Let o = -6489 + 26344. What are the prime factors of o?
5, 11, 19
Suppose -1621405 = -366*g + 283*g. What are the prime factors of g?
5, 3907
Let a(g) = 2*g**2 - 9*g + 12. Let y be 24/108 - 43/(-9). Let h be a(y). What are the prime factors of 1 + 1 + h + -1?
2, 3
Let f(o) = -2*o - 8. Let p be f(-5). Suppose 5*r - 130 = p*x, 0 = 5*r - x - 0*x - 135. List the prime factors of -15*(r/20 - 2).
3
Let h be -3*1*-14*(-6)/18. Let f be (84/h)/((-6)/(-4)). Let y = 115 - f. List the prime factors of y.
7, 17
Suppose 2*h - 4*t = 12538, 6259 = h - 739*t + 742*t. What are the prime factors of h?
5, 7, 179
Suppose -5*b + 6115 = 4*r, 4*b = 9*b + r - 6130. Suppose 1228*d = b*d + 66. What are the prime factors of d?
2, 3, 11
Let l = -480 - -287. Let u = l - -432. List the prime factors of u.
239
Let a = 171 + 321. Suppose 4*w = 4*c - a, -585 = -5*c - 3*w + 2*w. List the prime factors of c.
2, 59
Let l(a) = 94*a - 33. Let k = 188 + -184. What are the prime factors of l(k)?
7
Let z(l) = -4*l**2 + 7*l - 2. Suppose -4*f + 3*h = -2*f, 0 = -2*f + 2*h + 4. Let r be z(f). Let x = 170 + r. What are the prime factors of x?
2, 3, 11
Suppose 0 = d - 5*d - 192. Let j = -45 - d. Suppose -l + 55 = j*x, 2*l + x + x - 118 = 0. List the prime factors of l.
61
Suppose 22*m - 19056 = 107092. Suppose 0 = 10*z + 4 - m. What are the prime factors of z?
3, 191
Suppose 0 = 3*i - 3*m - 30, -4*m = -6*i + i + 52. What are the prime factors of (-332)/(2 - 32/i)?
2, 3, 83
Let y(b) = 9*b**2 - 25*b + 1348. List the prime factors of y(40).
2, 3, 1229
Suppose 3*x + 3*i - 15 = 0, 9*x = 12*x - 3*i - 21. What are the prime factors of ((-2376)/(-165))/(x/20)?
2, 3
Let f be 0 - (3 - (-4 - 81)). Let v = -161 - f. Let o = 148 + v. What are the prime factors of o?
3, 5
Let n = 13349 - -15263. What are the prime factors of n?
2, 23, 311
Suppose 5300 = -176*q + 181*q. Let a = q + -691. List the prime factors of a.
3, 41
Let k be (8/(-12))/((-5)/2655). Let s = 52 + -130. Let x = s + k. What are the prime factors of x?
2, 3, 23
Let s(g) = -g + 13. Let d be s(-20). Let c = 236 + d. List the prime factors of c.
269
List the prime factors of ((-2 - -5)/3)/((-28)/(-168308)).
6011
List the prime factors of (-2 - 1113)*(-4368)/120.
2, 7, 13, 223
Let i be 25 + 3 + 3 + -4. Suppose 444 = i*t - 25*t. List the prime factors of t.
2, 3, 37
Suppose -72*g = -75*g + y + 7224, -9642 = -4*g - 2*y. What are the prime factors of g?
3, 11, 73
Let b be (-1)/(3*((-12)/(-9) - 1)). What are the prime factors of (-581 + -3)/4*b?
2, 73
Suppose t + 2*b - 2 = 0, 2*t - 5 = -0*b - 5*b. What are the prime factors of (-59)/((t - (-1 - 0))/(-3))?
3, 59
Let y be (6/5)/((-3)/(-20)). Suppose m = 2*f + 3, 159*f + 5*m - 41 = 156*f. Suppose -f*u = -10*p + y*p - 342, 5*u = p + 855. What are the prime factors of u?
3, 19
Let z = 39 - 2. Suppose l - p = 6 + 2, 4*l - z = 5*p. Suppose -4*w + 37 = -l*w. List the prime factors of w.
37
Suppose 0 = -5*s - 38*d + 43*d + 56865, -11357 = -s - d. List the prime factors of s.
5, 2273
Let q(v) = -3*v**2 - 9*v - 328. Let p(d) = -d**2 - 4*d - 163. Let t(l) = -5*p(l) + 2*q(l). List the prime factors of t(0).
3, 53
Suppose -2*s - 1702 = -0*s - 2*y, -s + 3*y = 861. List the prime factors of (2 + s/4)/((-10)/20).
419
Let l be 209/38*(-24)/(-44). Let j(r) = 50*r - 1. Let h be j(2). Suppose 0 = l*b - 0*b - h. What are the prime factors of b?
3, 11
Let l be -4 + 14/(-2)*-1. Let a be (1/l)/((-1)/(-15)). Suppose a*g - 24 = 1021. List the prime factors of g.
11, 19
Let f = -2 + 5. Let q(k) = 2*k + 61. Let u be q(-28). Suppose u*w = 4*m - 376, 3*m - w + f*w = 282. What are the prime factors of m?
2, 47
Let d be ((-27)/(-18))/((-267)/138 - -2). Suppose -31 = -4*k - d. What are the prime factors of (k + 18)/(-4) - -115?
2, 5, 11
Suppose 3*h - 29 = -2. Suppose 4*q - 8*q = -4160. Suppose -k - q = -h*k. List the prime factors of k.
2, 5, 13
Let v(m) = 216*m**3 + 2*m**2 - 47*m + 74. List the prime factor